of 498 and 1569159654.
498
What is the greatest common divisor of 32637178 and 136?
34
Calculate the greatest common divisor of 933 and 28210499.
311
What is the highest common divisor of 25895872 and 658?
94
Calculate the highest common factor of 13 and 2404597689.
13
What is the greatest common divisor of 232088556 and 17?
17
What is the highest common divisor of 32199198 and 5364?
894
What is the highest common factor of 800193 and 897?
69
Calculate the greatest common divisor of 12 and 389518.
2
Calculate the highest common factor of 2452688 and 30256.
976
Calculate the highest common factor of 12475807 and 85.
17
Calculate the greatest common divisor of 20060 and 6087836.
68
What is the highest common factor of 338040 and 6595560?
1080
What is the greatest common factor of 756603 and 288?
9
What is the greatest common divisor of 176 and 2917684?
44
What is the greatest common factor of 94 and 2036087?
47
What is the highest common divisor of 5824 and 10900708?
364
Calculate the greatest common divisor of 1238080 and 24893.
73
Calculate the highest common factor of 31927 and 7280.
7
Calculate the highest common divisor of 40589 and 1077254.
1097
Calculate the highest common factor of 236192 and 68.
4
What is the greatest common factor of 14479 and 4787?
1
Calculate the greatest common factor of 806 and 8489.
13
What is the highest common factor of 408 and 20093992?
8
Calculate the highest common divisor of 5220 and 62685.
45
What is the greatest common divisor of 6432 and 806112?
96
Calculate the highest common divisor of 384 and 9086976.
384
What is the greatest common divisor of 99161 and 5267807?
323
Calculate the highest common factor of 779 and 811021.
41
Calculate the greatest common divisor of 120 and 12251.
1
What is the greatest common divisor of 93465 and 540?
45
Calculate the greatest common factor of 15616 and 1197824.
256
What is the greatest common divisor of 451550 and 17600?
550
Calculate the greatest common divisor of 27053208 and 1792.
56
Calculate the greatest common factor of 887 and 1831794259.
887
Calculate the highest common divisor of 40713375 and 3000.
375
Calculate the greatest common divisor of 260 and 2076680.
20
What is the greatest common factor of 87399031 and 26353?
1387
Calculate the greatest common divisor of 69190 and 43284450.
4070
What is the greatest common factor of 6269314 and 31978?
542
Calculate the highest common factor of 50394817 and 8602.
4301
Calculate the highest common factor of 447055 and 10780.
35
Calculate the greatest common divisor of 309429760 and 640.
640
Calculate the highest common factor of 1064 and 3828424.
152
Calculate the highest common divisor of 6664 and 210647.
17
Calculate the greatest common factor of 3150 and 187087950.
3150
Calculate the greatest common divisor of 1251 and 660987.
9
What is the greatest common factor of 20 and 33515608?
4
What is the greatest common factor of 2218840 and 4680?
520
What is the greatest common divisor of 1084152 and 762720?
5448
Calculate the greatest common factor of 262 and 749771033.
131
Calculate the greatest common divisor of 1027 and 856802479.
1027
Calculate the highest common divisor of 10248 and 897981.
1281
What is the highest common factor of 844 and 20414039?
211
What is the highest common factor of 165244 and 208?
4
Calculate the highest common divisor of 1674 and 83235186.
558
What is the greatest common divisor of 4491361797 and 741?
741
What is the greatest common factor of 927 and 166986?
9
Calculate the greatest common divisor of 115351 and 815021.
1891
Calculate the greatest common divisor of 14063 and 44541539.
2009
Calculate the greatest common factor of 516789 and 220311.
819
Calculate the greatest common divisor of 599345 and 3085.
5
Calculate the highest common factor of 21128 and 16377848.
152
What is the highest common divisor of 20683403 and 169?
169
Calculate the greatest common divisor of 918392796 and 4644.
4644
What is the greatest common divisor of 413105 and 229955?
2035
What is the highest common divisor of 96287167 and 1802?
901
Calculate the greatest common factor of 888 and 5202348.
444
What is the greatest common factor of 47898 and 16181541?
7983
What is the greatest common divisor of 7891540 and 1820?
20
Calculate the highest common factor of 1738 and 34323872.
22
What is the highest common divisor of 154191534 and 1715?
343
What is the highest common factor of 18860225 and 446?
223
Calculate the highest common factor of 197041 and 4232.
23
Calculate the greatest common factor of 187 and 2665.
1
What is the greatest common divisor of 8622 and 1782359?
479
Calculate the greatest common factor of 186 and 4385049138.
186
What is the highest common factor of 10051 and 8116447?
529
Calculate the highest common divisor of 4332602 and 184.
46
What is the highest common divisor of 974337 and 3876432?
1743
What is the greatest common divisor of 201 and 319070013?
201
What is the greatest common divisor of 894 and 155091?
3
Calculate the highest common divisor of 1635 and 3184540.
5
Calculate the greatest common factor of 27241733 and 271.
271
Calculate the greatest common factor of 3302896 and 112.
16
What is the highest common divisor of 5096 and 106316?
28
Calculate the highest common divisor of 5370 and 108669110.
1790
What is the highest common factor of 11522710 and 22860?
1270
What is the greatest common factor of 114 and 30807531?
57
What is the greatest common factor of 4147351 and 13?
13
Calculate the highest common divisor of 297729 and 1323.
27
Calculate the highest common factor of 1520676492 and 12.
12
What is the highest common factor of 204072 and 12672?
264
Calculate the greatest common factor of 5782382 and 426.
142
What is the greatest common factor of 5 and 248184535?
5
What is the greatest common divisor of 65210932 and 11066?
1006
Calculate the greatest common divisor of 3088537888 and 1228.
1228
Calculate the highest common factor of 9 and 37182534.
3
Calculate the greatest common divisor of 14635 and 32469211.
2927
Calculate the greatest common divisor of 38 and 78298.
2
Calculate the greatest common divisor of 5361874 and 245.
49
Calculate the highest common divisor of 2924470 and 314465.
545
What is the highest common divisor of 2905224 and 3976?
56
What is the greatest common factor of 570 and 2038830?
30
What is the greatest common factor of 38274303 and 3249?
1083
Calculate the greatest common divisor of 6 and 88339197.
3
What is the greatest common divisor of 706350 and 35456?
554
What is the highest common factor of 1612143 and 1737?
9
Calculate the greatest common factor of 67750 and 203019650.
13550
Calculate the greatest common divisor of 3987406 and 2027648.
4526
Calculate the highest common divisor of 14 and 137126626.
14
Calculate the greatest common divisor of 206270 and 10060.
10
What is the highest common factor of 5952938 and 58876?
718
What is the greatest common divisor of 224896 and 1408?
128
What is the greatest common factor of 7838 and 1783090134?
7838
What is the highest common factor of 1105 and 1919185?
5
What is the greatest common divisor of 1887 and 26595267?
111
What is the greatest common factor of 21091 and 36853313?
917
Calculate the highest common divisor of 318 and 6834635034.
318
Calculate the greatest common factor of 14154673 and 10554.
1759
What is the greatest common factor of 10650 and 413117050?
3550
Calculate the highest common divisor of 221 and 429777.
17
What is the greatest common factor of 18015094 and 2308?
1154
Calculate the greatest common factor of 2215640 and 16646.
574
Calculate the highest common factor of 304285818 and 6.
6
What is the highest common divisor of 37178 and 4462642?
1282
Calculate the greatest common divisor of 5120913 and 3612.
903
What is the greatest common factor of 728065 and 1037310?
2435
What is the greatest common factor of 69 and 22774853?
23
Calculate the greatest common factor of 6328 and 17900217.
113
What is the highest common divisor of 78312080 and 24?
8
Calculate the greatest common divisor of 98720 and 2080.
160
What is the greatest common divisor of 1629 and 63?
9
What is the highest common factor of 11657430 and 90?
90
What is the greatest common factor of 20718390 and 3630?
330
Calculate the g